
True
Is 176974007 prime?
False
Is 38704639 a composite number?
False
Is 15218381 a composite number?
True
Is 26929249 a prime number?
True
Is 240697771 a composite number?
False
Is 45563257 a composite number?
True
Is 18752537 prime?
True
Is 30635959 a prime number?
False
Is 7131361 a composite number?
True
Is 30374713 a prime number?
True
Is 189556109 prime?
False
Is 4040549 composite?
False
Is 53343377 a prime number?
True
Is 221371019 a composite number?
False
Is 2640821 composite?
False
Is 5755031 prime?
True
Is 5831009 composite?
False
Is 2100233 a prime number?
False
Is 5257723 composite?
False
Is 316600255 a prime number?
False
Is 2098533 prime?
False
Is 41594699 a prime number?
False
Is 53384627 composite?
False
Is 30563317 prime?
True
Is 810031 prime?
False
Is 11192597 a prime number?
False
Is 61127137 a prime number?
True
Is 208832081 a composite number?
False
Is 34583723 a composite number?
False
Is 10717939 prime?
False
Is 12063589 a prime number?
False
Is 8803162 prime?
False
Is 5184563 prime?
True
Is 14620061 a prime number?
False
Is 153773987 a prime number?
True
Is 11088821 a prime number?
True
Is 20897411 composite?
False
Is 24440363 prime?
True
Is 695567 composite?
False
Is 543038999 prime?
True
Is 859891 composite?
False
Is 542252783 prime?
True
Is 103883893 prime?
False
Is 37974427 a composite number?
True
Is 15148061 composite?
False
Is 71702441 a prime number?
True
Is 8026231 prime?
True
Is 60712609 a prime number?
True
Is 2017243 a composite number?
False
Is 14834321 prime?
True
Is 2853337 a prime number?
True
Is 4208927 a composite number?
True
Is 2346737 a prime number?
False
Is 142831589 prime?
True
Is 20522351 a prime number?
True
Is 31588019 a composite number?
False
Is 231451877 prime?
True
Is 59402887 a composite number?
True
Is 1707331 a prime number?
True
Is 154408013 composite?
False
Is 2727541 prime?
False
Is 172908349 a prime number?
True
Is 1416221 a composite number?
True
Is 83816549 a composite number?
True
Is 19398035 composite?
True
Is 43369493 a prime number?
False
Is 418679411 a composite number?
False
Is 150653077 prime?
True
Is 63804955 a prime number?
False
Is 3764267 a composite number?
True
Is 2072867 composite?
True
Is 32409319 composite?
False
Is 6023671 a composite number?
True
Is 657024861 prime?
False
Is 406628279 a composite number?
False
Is 53204105 prime?
False
Is 2069035 prime?
False
Is 46877107 a prime number?
True
Is 3890149 a composite number?
False
Is 10312145 a composite number?
True
Is 5314043 prime?
False
Is 3131203 prime?
True
Is 7947323 composite?
False
Is 488645681 a composite number?
True
Is 9293551 composite?
False
Is 604858 a prime number?
False
Is 8412769 a prime number?
True
Is 21200573 composite?
False
Is 662609 prime?
False
Is 5737 a composite number?
False
Is 46754393 composite?
True
Is 525419823 a composite number?
True
Is 36334237 composite?
False
Is 23003479 composite?
True
Is 31432153 composite?
False
Is 8427383 prime?
False
Is 25622273 composite?
False
Is 83027507 composite?
True
Is 1054241 a composite number?
True
Is 85379 a composite number?
True
Is 4235237 prime?
True
Is 123851347 prime?
True
Is 8960779 a composite number?
True
Is 13153993 a composite number?
False
Is 11375687 a composite number?
True
Is 15171391 composite?
False
Is 4982713 prime?
False
Is 6485053 prime?
True
Is 10144213 prime?
True
Is 10185743 a prime number?
False
Is 112328591 a composite number?
True
Is 1192281 prime?
False
Is 229093 a prime number?
True
Is 6906853 a composite number?
False
Is 38735573 a composite number?
True
Is 48141111 a composite number?
True
Is 9286493 composite?
True
Is 1043337 a prime number?
False
Is 1093177 prime?
True
Is 31261822 composite?
True
Is 11851513 composite?
True
Is 5349769 prime?
True
Is 8863531 a prime number?
False
Is 405975287 a prime number?
False
Is 22748597 prime?
True
Is 498441 prime?
False
Is 19727131 composite?
False
Is 33657377 a composite number?
True
Is 4969163 a composite number?
False
Is 1262381 a prime number?
False
Is 17141773 prime?
False
Is 1213563061 prime?
True
Is 112408117 prime?
True
Is 2937371 prime?
True
Is 72534173 composite?
True
Is 264931267 composite?
False
Is 13588369 composite?
False
Is 18438263 a composite number?
False
Is 72800087 a prime number?
True
Is 3269953 composite?
True
Is 17133119 composite?
False
Is 36830217 prime?
False
Is 244433341 a composite number?
False
Is 4902907 a composite number?
True
Is 330774257 prime?
False
Is 4336567 a composite number?
False
Is 4140493 prime?
False
Is 10727351 prime?
True
Is 48603103 prime?
True
Is 6198529 composite?
False
Is 1221689 a composite number?
True
Is 61880881 a composite number?
True
Is 71131277 a composite number?
True
Is 15692597 prime?
True
Is 11515997 a composite number?
False
Is 8426807 a composite number?
True
Is 4245701 prime?
False
Is 6603827 prime?
True
Is 987293 a composite number?
False
Is 30216763 a composite number?
False
Is 23284159 a prime number?
True
Is 304522223 a prime number?
True
Is 1443257 composite?
False
Is 6046837 composite?
False
Is 56656846 composite?
True
Is 14611009 a composite number?
True
Is 124521641 composite?
False
Is 109754503 composite?
True
Is 312633647 a prime number?
True
Is 285724961 a prime number?
False
Is 415433713 a composite number?
True
Is 73195357 a composite number?
False
Is 873401 prime?
False
Is 356693 composite?
False
Is 45491653 prime?
False
Is 135381533 a composite number?
True
Is 2631887 a prime number?
True
Is 3695493 a composite number?
True
Is 519611 a composite number?
False
Is 71629969 composite?
False
Is 1230664061 composite?
True
Is 572839 prime?
False
Is 65174966 a composite number?
True
Is 2306696839 a composite number?
False
Is 246171769 a composite number?
False
Is 225198283 a composite number?
True
Is 3512501 prime?
True
Is 92491621 composite?
False
Is 765683 composite?
True
Is 26776609 prime?
True
Is 20393579 a composite number?
False
Is 1691581 prime?
False
Is 601669 a prime number?
True
Is 9667213 a prime number?
False
Is 2435921 prime?
True
Is 602800949 composite?
False
Is 35046421 a prime number?
True
Is 80888387 composite?
True
Is 51124037 a composite number?
False
Is 28613147 composite?
True
Is 5724469 prime?
True
Is 2939117 a prime number?
True
Is 66584347 a composite number?
False
Is 5714867 a prime number?
False
Is 14775829 a composite number?
False
Is 898607 a prime number?
True
Is 31040059 a composite number?
True
Is 403167701 composite?
False
Is 287589877 a prime number?
True
Is 3126437 a composite number?
False
Is 87724339 prime?
False
Is 16913257 composite?
True
Is 416470765 prime?
False
Is 74853505 a prime number?
False
Is 128129429 composite?
False
Is 654152309 composite?
False
Is 29980927 a composite number?
True
Is 5461789 composite?
False
Is 10441307 a composite number?
True
Is 2354413 composite?
False
Is 1789427 a composite number?
False
Is 15873397 a composite number?
False
Is 4008349 a prime number?
True
Is 84960667 prime?
False
Is 140326129 composite?
True
Is 231051 prime?
False
Is 6501029 prime?
True
Is 14464733 a composite number?
True
Is 12945419 prime?
True
Is 7059787 composite?
True
Is 15300269 composite?
False
Is 311191 a composite number?
True
Is 2289767 composite?
False
Is 42662971 a prime number?
False
Is 26234393 prime?
False
Is 17616533 a prime number?
False
Is 9511361 prime?
True
Is 2584633 a prime number?
False
Is 1182847 composite?
False
Is 11842753 a composite number?
True
Is 6123563 prime?
True
Is 4331207 a prime number?
True
Is 52219205 prime?
False
Is 3898871 prime?
True
Is 13314379 composite?
True
Is 20691059 a composite number?
False
Is 206029 a composite number?
True
Is 2874317 prime?
True
Is 4498055 composite?
True
Is 1292542 prime?
False
Is 45707461 a prime number?
True
Is 62151401 composite?
True
Is 450194941 prime?
False
Is 378369457 a prime number?
True
Is 58555291 prime?
True
Is 95794102 a prime number?
False
Is 20104531 a composite number?
False
Is 37454239 composite?
True
Is 27235729 a prime number?
True
Is 5633053 composite?
True
Is 1791911 prime?
False
Is 76941967 prime?
False
Is 131621827 a composite number?
False
Is 19145603 a prime number?
True
Is 15012761 a composite number?
False
Is 2793793 composite?
False
Is 5785147 a prime number?
True
Is 1